{"id":17962,"date":"2025-08-29T20:07:56","date_gmt":"2025-08-29T20:07:56","guid":{"rendered":"https:\/\/topchoiceelectro.com\/?post_type=product&#038;p=17962"},"modified":"2025-08-29T20:33:10","modified_gmt":"2025-08-29T20:33:10","slug":"17962","status":"publish","type":"product","link":"https:\/\/topchoiceelectro.com\/index.php\/product\/17962\/","title":{"rendered":"Machine a laver"},"content":{"rendered":"<p>Machine a laver<\/p>\n<ul>\n<li>capacite de charge : 10<\/li>\n<li>classe :A+<\/li>\n<li>tension :220-240V<\/li>\n<li>capacite d&#8217;essorage :300W<\/li>\n<li>norme d&#8217;\u00e9tanch\u00e9it\u00e9 :IPX4<\/li>\n<li>puissance de lavage puissance de pompe:35W<\/li>\n<\/ul>\n","protected":false},"excerpt":{"rendered":"<p>Machine a laver capacite de charge : 10 classe :A+ tension :220-240V capacite d&#8217;essorage :300W norme d&#8217;\u00e9tanch\u00e9it\u00e9 :IPX4 puissance de lavage puissance de pompe:35W<\/p>\n","protected":false},"featured_media":17963,"template":"","meta":[],"product_brand":[],"product_cat":[230,209],"product_tag":[],"class_list":{"0":"post-17962","1":"product","2":"type-product","3":"status-publish","4":"has-post-thumbnail","6":"product_cat-electro-menager","7":"product_cat-machine-a-laver","8":"electron_product_brands-smart-technologie","9":"nt-post-class","10":"","13":"excerpt-none","16":"first","17":"instock","18":"shipping-taxable","19":"purchasable","20":"product-type-simple"},"_links":{"self":[{"href":"https:\/\/topchoiceelectro.com\/index.php\/wp-json\/wp\/v2\/product\/17962","targetHints":{"allow":["GET"]}}],"collection":[{"href":"https:\/\/topchoiceelectro.com\/index.php\/wp-json\/wp\/v2\/product"}],"about":[{"href":"https:\/\/topchoiceelectro.com\/index.php\/wp-json\/wp\/v2\/types\/product"}],"version-history":[{"count":5,"href":"https:\/\/topchoiceelectro.com\/index.php\/wp-json\/wp\/v2\/product\/17962\/revisions"}],"predecessor-version":[{"id":17974,"href":"https:\/\/topchoiceelectro.com\/index.php\/wp-json\/wp\/v2\/product\/17962\/revisions\/17974"}],"wp:featuredmedia":[{"embeddable":true,"href":"https:\/\/topchoiceelectro.com\/index.php\/wp-json\/wp\/v2\/media\/17963"}],"wp:attachment":[{"href":"https:\/\/topchoiceelectro.com\/index.php\/wp-json\/wp\/v2\/media?parent=17962"}],"wp:term":[{"taxonomy":"product_brand","embeddable":true,"href":"https:\/\/topchoiceelectro.com\/index.php\/wp-json\/wp\/v2\/product_brand?post=17962"},{"taxonomy":"product_cat","embeddable":true,"href":"https:\/\/topchoiceelectro.com\/index.php\/wp-json\/wp\/v2\/product_cat?post=17962"},{"taxonomy":"product_tag","embeddable":true,"href":"https:\/\/topchoiceelectro.com\/index.php\/wp-json\/wp\/v2\/product_tag?post=17962"}],"curies":[{"name":"wp","href":"https:\/\/api.w.org\/{rel}","templated":true}]}}