{"id":17957,"date":"2025-08-30T11:23:13","date_gmt":"2025-08-30T11:23:13","guid":{"rendered":"https:\/\/topchoiceelectro.com\/?post_type=product&#038;p=17957"},"modified":"2025-08-30T13:15:23","modified_gmt":"2025-08-30T13:15:23","slug":"hotte-de-cuisine-verta","status":"publish","type":"product","link":"https:\/\/topchoiceelectro.com\/index.php\/product\/hotte-de-cuisine-verta\/","title":{"rendered":"HOTTE DE CUISINE VERTA"},"content":{"rendered":"<p>&nbsp;<\/p>\n<p>Voltage &#8211; Fr\u00e9quence : 220-240V \/ 50Hz<br \/>\nSortie de chemin\u00e9 : 150 mm<br \/>\nPuissance totale : 117 W<br \/>\nD\u00e9bit maximal maximal : 550 m3\/h<br \/>\nType d\u2019\u00e9clairage : 2 \u00e9clairages LED de 1 W<br \/>\nFiltre : filtre \u00e0 cassette \u00e0 3 couches + filtre \u00e0 charbon en option<br \/>\nTout neuf scell\u00e9 dans le carton<br \/>\nGarantie 12mois<\/p>\n","protected":false},"excerpt":{"rendered":"<ul>\n<li>VOLTAGE 220-240V<\/li>\n<li>SORTIE DE CHEMINEE<\/li>\n<li>PUUSSANCE VOCAL<\/li>\n<li>PUISSANCE TOTAL<\/li>\n<li>TYPE D&#8217;ECLAIRAGE : 2 ECLAIRAGES LED DE 1W<\/li>\n<\/ul>\n","protected":false},"featured_media":17960,"template":"","meta":[],"product_brand":[246],"product_cat":[230],"product_tag":[],"class_list":{"0":"post-17957","1":"product","2":"type-product","3":"status-publish","4":"has-post-thumbnail","6":"product_brand-verta","7":"product_cat-electro-menager","8":"electron_product_brands-verta","9":"nt-post-class","10":"","16":"first","17":"instock","18":"sale","19":"shipping-taxable","20":"purchasable","21":"product-type-simple"},"_links":{"self":[{"href":"https:\/\/topchoiceelectro.com\/index.php\/wp-json\/wp\/v2\/product\/17957","targetHints":{"allow":["GET"]}}],"collection":[{"href":"https:\/\/topchoiceelectro.com\/index.php\/wp-json\/wp\/v2\/product"}],"about":[{"href":"https:\/\/topchoiceelectro.com\/index.php\/wp-json\/wp\/v2\/types\/product"}],"version-history":[{"count":2,"href":"https:\/\/topchoiceelectro.com\/index.php\/wp-json\/wp\/v2\/product\/17957\/revisions"}],"predecessor-version":[{"id":17980,"href":"https:\/\/topchoiceelectro.com\/index.php\/wp-json\/wp\/v2\/product\/17957\/revisions\/17980"}],"wp:featuredmedia":[{"embeddable":true,"href":"https:\/\/topchoiceelectro.com\/index.php\/wp-json\/wp\/v2\/media\/17960"}],"wp:attachment":[{"href":"https:\/\/topchoiceelectro.com\/index.php\/wp-json\/wp\/v2\/media?parent=17957"}],"wp:term":[{"taxonomy":"product_brand","embeddable":true,"href":"https:\/\/topchoiceelectro.com\/index.php\/wp-json\/wp\/v2\/product_brand?post=17957"},{"taxonomy":"product_cat","embeddable":true,"href":"https:\/\/topchoiceelectro.com\/index.php\/wp-json\/wp\/v2\/product_cat?post=17957"},{"taxonomy":"product_tag","embeddable":true,"href":"https:\/\/topchoiceelectro.com\/index.php\/wp-json\/wp\/v2\/product_tag?post=17957"}],"curies":[{"name":"wp","href":"https:\/\/api.w.org\/{rel}","templated":true}]}}