{"id":17917,"date":"2025-08-28T17:03:54","date_gmt":"2025-08-28T17:03:54","guid":{"rendered":"https:\/\/topchoiceelectro.com\/?post_type=product&#038;p=17917"},"modified":"2025-08-28T17:03:54","modified_gmt":"2025-08-28T17:03:54","slug":"onduleur-mpower-3000va","status":"publish","type":"product","link":"https:\/\/topchoiceelectro.com\/index.php\/product\/onduleur-mpower-3000va\/","title":{"rendered":"Onduleur MPower 3000VA"},"content":{"rendered":"<ul>\n<li>Fonction de d\u00e9marrage \u00e0 froid<\/li>\n<li>Red\u00e9marrage automatique pendant la r\u00e9cup\u00e9ration du secteur<\/li>\n<li>Sortie court-circuit et protection de surcharge<\/li>\n<li>Protection contre la surcharge et la d\u00e9charge de la batterie<\/li>\n<li>Chargement automatique en mode &#8230;<\/li>\n<\/ul>\n","protected":false},"excerpt":{"rendered":"<p>Fonction de d\u00e9marrage \u00e0 froid Red\u00e9marrage automatique pendant la r\u00e9cup\u00e9ration du secteur Sortie court-circuit et protection de surcharge Protection contre la surcharge et la d\u00e9charge de la batterie Chargement automatique en mode &#8230;<\/p>\n","protected":false},"featured_media":17919,"template":"","meta":[],"product_brand":[242],"product_cat":[231,241],"product_tag":[],"class_list":{"0":"post-17917","1":"product","2":"type-product","3":"status-publish","4":"has-post-thumbnail","6":"product_brand-mpower","7":"product_cat-electronique","8":"product_cat-onduleur","9":"nt-post-class","10":"","13":"excerpt-none","16":"first","17":"instock","18":"shipping-taxable","19":"purchasable","20":"product-type-simple"},"_links":{"self":[{"href":"https:\/\/topchoiceelectro.com\/index.php\/wp-json\/wp\/v2\/product\/17917","targetHints":{"allow":["GET"]}}],"collection":[{"href":"https:\/\/topchoiceelectro.com\/index.php\/wp-json\/wp\/v2\/product"}],"about":[{"href":"https:\/\/topchoiceelectro.com\/index.php\/wp-json\/wp\/v2\/types\/product"}],"version-history":[{"count":1,"href":"https:\/\/topchoiceelectro.com\/index.php\/wp-json\/wp\/v2\/product\/17917\/revisions"}],"predecessor-version":[{"id":17920,"href":"https:\/\/topchoiceelectro.com\/index.php\/wp-json\/wp\/v2\/product\/17917\/revisions\/17920"}],"wp:featuredmedia":[{"embeddable":true,"href":"https:\/\/topchoiceelectro.com\/index.php\/wp-json\/wp\/v2\/media\/17919"}],"wp:attachment":[{"href":"https:\/\/topchoiceelectro.com\/index.php\/wp-json\/wp\/v2\/media?parent=17917"}],"wp:term":[{"taxonomy":"product_brand","embeddable":true,"href":"https:\/\/topchoiceelectro.com\/index.php\/wp-json\/wp\/v2\/product_brand?post=17917"},{"taxonomy":"product_cat","embeddable":true,"href":"https:\/\/topchoiceelectro.com\/index.php\/wp-json\/wp\/v2\/product_cat?post=17917"},{"taxonomy":"product_tag","embeddable":true,"href":"https:\/\/topchoiceelectro.com\/index.php\/wp-json\/wp\/v2\/product_tag?post=17917"}],"curies":[{"name":"wp","href":"https:\/\/api.w.org\/{rel}","templated":true}]}}