{"id":17524,"date":"2025-05-01T18:26:28","date_gmt":"2025-05-01T18:26:28","guid":{"rendered":"https:\/\/topchoiceelectro.com\/?post_type=product&#038;p=17524"},"modified":"2025-05-01T18:26:28","modified_gmt":"2025-05-01T18:26:28","slug":"dji-matrice-300-rtk","status":"publish","type":"product","link":"https:\/\/topchoiceelectro.com\/index.php\/product\/dji-matrice-300-rtk\/","title":{"rendered":"DJI Matrice 300 RTK"},"content":{"rendered":"<p>Le DJI Mavic 3 Pro Fly More Combo avec DJI RC est la solution ultime pour les vid\u00e9astes et photographes a\u00e9riens. Son syst\u00e8me de cam\u00e9ra Hasselblad avec trois capteurs (grand-angle, t\u00e9l\u00e9objectif moyen et t\u00e9l\u00e9objectif long) permet une polyvalence in\u00e9gal\u00e9e pour capturer des images nettes et d\u00e9taill\u00e9es en 5.1K.<\/p>\n<p>Avec une autonomie de 43 minutes, il assure des sessions de vol prolong\u00e9es sans interruption. Son transmetteur O3+ offre une port\u00e9e allant jusqu\u2019\u00e0 15 km, garantissant une transmission fluide et en temps r\u00e9el. Gr\u00e2ce \u00e0 ses capteurs omnidirectionnels, il d\u00e9tecte et \u00e9vite les obstacles pour un vol s\u00e9curis\u00e9.<\/p>\n<p>Le Fly More Combo inclut trois batteries intelligentes, un hub de charge, un set d\u2019h\u00e9lices suppl\u00e9mentaires et une sacoche de transport, optimisant l\u2019exp\u00e9rience de vol. La radiocommande DJI RC, \u00e9quip\u00e9e d\u2019un \u00e9cran int\u00e9gr\u00e9, assure une prise en main intuitive et fluide.<\/p>\n<p><strong>Caract\u00e9ristiques techniques<\/strong><\/p>\n<ul>\n<li>Cam\u00e9ra : Triple capteur Hasselblad<\/li>\n<li>R\u00e9solution vid\u00e9o : Jusqu\u2019\u00e0 5.1K<\/li>\n<li>Autonomie : Jusqu\u2019\u00e0 43 minutes par batterie<\/li>\n<li>Port\u00e9e de transmission : Jusqu\u2019\u00e0 15 km (O3+)<\/li>\n<li>Capteurs : D\u00e9tection d\u2019obstacles omnidirectionnelle<\/li>\n<li>Modes de vol intelligents : ActiveTrack, Waypoints, MasterShots<\/li>\n<li>Radiocommande : DJI RC avec \u00e9cran int\u00e9gr\u00e9<\/li>\n<li>Accessoires inclus : 3 batteries, hub de charge, h\u00e9lices suppl\u00e9mentaires, sacoche de transport<\/li>\n<\/ul>\n","protected":false},"excerpt":{"rendered":"<p>Le DJI Mavic 3 Pro Fly More Combo avec DJI RC est la solution ultime pour les vid\u00e9astes et photographes a\u00e9riens. Son syst\u00e8me de cam\u00e9ra Hasselblad avec trois capteurs (grand-angle, t\u00e9l\u00e9objectif moyen et t\u00e9l\u00e9objectif long) permet une polyvalence in\u00e9gal\u00e9e pour capturer des images nettes et d\u00e9taill\u00e9es en 5.1K. Avec une autonomie de 43 minutes, il&#8230;<\/p>\n","protected":false},"featured_media":17526,"template":"","meta":[],"product_brand":[],"product_cat":[211],"product_tag":[],"class_list":{"0":"post-17524","1":"product","2":"type-product","3":"status-publish","4":"has-post-thumbnail","6":"product_cat-drone","7":"electron_product_brands-dji-phantom","8":"nt-post-class","9":"","12":"excerpt-none","15":"first","16":"instock","17":"shipping-taxable","18":"product-type-simple"},"_links":{"self":[{"href":"https:\/\/topchoiceelectro.com\/index.php\/wp-json\/wp\/v2\/product\/17524","targetHints":{"allow":["GET"]}}],"collection":[{"href":"https:\/\/topchoiceelectro.com\/index.php\/wp-json\/wp\/v2\/product"}],"about":[{"href":"https:\/\/topchoiceelectro.com\/index.php\/wp-json\/wp\/v2\/types\/product"}],"version-history":[{"count":1,"href":"https:\/\/topchoiceelectro.com\/index.php\/wp-json\/wp\/v2\/product\/17524\/revisions"}],"predecessor-version":[{"id":17527,"href":"https:\/\/topchoiceelectro.com\/index.php\/wp-json\/wp\/v2\/product\/17524\/revisions\/17527"}],"wp:featuredmedia":[{"embeddable":true,"href":"https:\/\/topchoiceelectro.com\/index.php\/wp-json\/wp\/v2\/media\/17526"}],"wp:attachment":[{"href":"https:\/\/topchoiceelectro.com\/index.php\/wp-json\/wp\/v2\/media?parent=17524"}],"wp:term":[{"taxonomy":"product_brand","embeddable":true,"href":"https:\/\/topchoiceelectro.com\/index.php\/wp-json\/wp\/v2\/product_brand?post=17524"},{"taxonomy":"product_cat","embeddable":true,"href":"https:\/\/topchoiceelectro.com\/index.php\/wp-json\/wp\/v2\/product_cat?post=17524"},{"taxonomy":"product_tag","embeddable":true,"href":"https:\/\/topchoiceelectro.com\/index.php\/wp-json\/wp\/v2\/product_tag?post=17524"}],"curies":[{"name":"wp","href":"https:\/\/api.w.org\/{rel}","templated":true}]}}